e -3*t - 3*g + 4 = -5, 2 = -g. Let q(r) = -r**3 + 3*r**2 + 3*r**2 - 7*r + 1 + 2*r. Calculate q(t).
1
Let l(t) = -2*t + 9. Suppose -2*p = 2, p = -q - 3*q + 31. Calculate l(q).
-7
Let a(w) = -2*w**2 - 3*w. Let l(n) = 3*n**2 + 4*n. Let v(i) = 5*a(i) + 4*l(i). Give v(-1).
1
Let i(c) = -10*c**2 - 13*c - 20. Let l(o) = -7*o**2 - 9*o - 14. Let u(r) = 5*i(r) - 7*l(r). Give u(-3).
-5
Let r be 12/15*(9 - 4). Let h be (-1 - -2)*-1*3. Let t be r*(1 + h/2). Let x(s) = -s**2 - 3*s - 3. Calculate x(t).
-1
Let m(p) = p - 10. Let q(i) = -1. Let u(v) = m(v) - 2*q(v). Let o(s) = 7. Let w(l) = 5*o(l) + 4*u(l). What is w(-2)?
-5
Let u(r) = r + 15. Let d(m) = m + 14. Let n(v) = 6*d(v) - 5*u(v). Calculate n(-10).
-1
Let z(c) = c**3 + 4*c**2 - 8*c + 5. Let f(r) = -r + 1. Let q be f(7). Calculate z(q).
-19
Let s(h) = 4*h**3 + 2*h**2 + h + 7. Suppose 15 = 5*f - 0. Let d(g) = -1 - 2*g**2 - 7 - g - 5*g**3 - g**3 + g**f. Let b(k) = 6*d(k) + 7*s(k). Calculate b(2).
-5
Let h(u) = -2*u + 24*u**2 - 19*u**3 - 22*u**2 + 10*u**3 + 1. Suppose 4 = -z + 5. Give h(z).
-8
Let l(v) be the third derivative of -v**9/30240 - v**7/2520 - v**6/720 - v**5/20 + 3*v**2. Let u(p) be the third derivative of l(p). Determine u(-1).
3
Let c(n) be the second derivative of n**4/2 - 4*n. Let y be (-2)/(-1) - (-2 + 3). Calculate c(y).
6
Let m(a) = a**3 + 8*a**2 + a + 2. Let j = 36 + -15. Suppose s = -5*w - 43, -s = 3*w + 6 + j. Determine m(w).
-6
Let z(u) = 3*u**2 - 2*u + 4. Let x(r) = -r**2 + r - 2. Let g(j) = 5*x(j) + 2*z(j). Let m be (-3)/(-2) - (-1)/2. Calculate g(m).
4
Let y(a) = 16*a + 12 + 8*a - 34*a + 9*a. Give y(7).
5
Let k(p) be the third derivative of p**7/840 - p**6/720 + 2*p**5/15 - 6*p**2. Let g(y) be the third derivative of k(y). Determine g(-2).
-13
Let v(f) = 4*f + 6*f**2 + f**3 - 5*f - 10*f - 1 + 3*f**2. Give v(-10).
9
Let g(p) = 8*p + 4 + 6 - 6 + 4*p**2 - 3*p**2. What is g(-8)?
4
Suppose 4*p = 26 - 14. Let j(t) = -2*t - 4. Give j(p).
-10
Suppose 6*y - y + 5 = 0. Let c(b) = b + 5. Let q(v) = 1. Let x(u) = y*q(u) + c(u). Suppose 0 = -2*m + 7*m - 15. Calculate x(m).
7
Let m(i) = -i**2 + 3*i + 4. Let u(x) = x**2 - 9*x + 4. Let o be u(9). Give m(o).
0
Let z(w) = -w**2 - 6*w + 4. Let h be (3 + -2)/(1 - 2). Let y = h + -4. What is z(y)?
9
Let m(x) = 1 + 6*x + 5 - 2*x + x**3 + 5*x**2. Let o(v) = -v - 8. Let n be o(-8). Let w = -4 - n. Determine m(w).
6
Suppose -2*i - 16 = -2*p, 5*i + 4*p + 7 = -6. Let x(r) = -4*r + r + 4*r. Give x(i).
-5
Let n(x) be the third derivative of -x**5/120 + x**4/6 - x**3/6 - 3*x**2. Let v(g) be the first derivative of n(g). Suppose -3*h + 7 - 1 = 0. Determine v(h).
2
Let b(f) = 3*f**3 - 8*f**2 + 5*f - 2. Let u(i) = -7*i**3 + 17*i**2 - 10*i + 4. Let p(d) = 5*b(d) + 2*u(d). Calculate p(5).
-2
Let z(g) = 2*g**2 + 6*g - 7. Suppose p = 5*p + 20. What is z(p)?
13
Let q(u) = -u**2 + 7*u - 2. Suppose 4*g - 3*k = -k + 12, 0 = 5*k + 10. Suppose -g*c + 18 = c. What is q(c)?
4
Let l(o) = -o**2 + 5*o + 6. Let m be l(6). Let k(a) be the first derivative of -a**2/2 - 2*a - 3. Determine k(m).
-2
Let f(j) be the third derivative of -j**6/720 - j**5/120 - j**4/8 + 4*j**2. Let r(i) be the second derivative of f(i). Determine r(6).
-7
Let b(c) = c**2 + 0*c + c - 5*c**2. Determine b(-1).
-5
Let o(q) = q**2 - 1. Let x be ((-42)/24)/((-2)/8). Let z = -9 + x. Give o(z).
3
Let w(u) = -u**2 - 6*u - 4. Let x(i) = -i**3 + 3*i**2 - 3*i + 5. Let s be x(3). Determine w(s).
4
Let w(i) = 6*i - 2 - 3*i + 3 - 2*i. Let b(j) = -10*j - 15. Let z(u) = 7*u + 10. Let v(a) = -5*b(a) - 7*z(a). Let o be v(-10). Calculate w(o).
-4
Let z(b) = 4 + 8 - 4 + b + 8. Determine z(-7).
9
Suppose -4*m - 8 = 0, 0 = -q - 3*m - 2*m. Let z(w) = -w**3 + 9*w**2 + 12*w - 14. What is z(q)?
6
Let c = -5 - -7. Let u(p) = 5. Let s(d) = -d + 4. Let v(w) = -4*s(w) + 3*u(w). Calculate v(c).
7
Let j(r) = 3*r - 1. Suppose -3*n + 9 = -0*q + 3*q, 3*q = -4*n + 9. Let h be (-1)/((6/(-4))/q). Determine j(h).
5
Let f(q) = 5*q**3 + q. Suppose 0 = 3*m - 2*m - 2. Let b = m + 3. Suppose -2*z - 3 = -b*z. Determine f(z).
6
Let d(a) = -2*a**2 - 32*a - 7. Let p be d(-16). Let i(t) be the second derivative of t**3/6 - t**2 - t. What is i(p)?
-9
Let q(a) = -2*a**2 - 3 + 445*a - 444*a + 5. What is q(-3)?
-19
Let g = 0 + -1. Suppose 2*j + 0*j = 5*n + 10, n - 5 = -j. Let v(o) = -3*o + 4*o + n*o. Determine v(g).
-1
Let p(s) = 2*s + 3. Let l(m) = m + 4. Let j be l(0). Let t be 4*j/4*-1. What is p(t)?
-5
Let k(n) = -n**3 + 5*n**2 - 2*n + 1. Let p = 25 + -20. Determine k(p).
-9
Let d(h) = h**3 + 2*h + 0*h - 5*h + h. Let m(w) = 3 + 9*w - 5 - 11*w. Let z be m(-2). Calculate d(z).
4
Suppose -4*a + 3*w = -2*a + 8, 3*a = -4*w + 22. Let b(q) = 3*q - 1 + 4*q - q**a - 4*q + 0*q. Suppose 4*v = 14 + 2. Determine b(v).
-5
Let b(d) = d**2 + 4*d + 7. Let o be b(-3). Suppose -5*p + 3*n - 3 = 0, -4*p + 4 = -8*p + o*n. Let m(v) = 5 - 5 + v - v**3 - 6 + v**2. Determine m(p).
-6
Let i be 2/10 - (-26)/(-5). Let z(t) = t**2 + 5*t. Let d(c) = 2*c**2 + 10*c + 1. Let a(p) = 3*d(p) - 7*z(p). What is a(i)?
3
Let o(d) = 3*d**2 + 5*d + 6 - 6*d**2 + 4*d**2 - 12. Determine o(-7).
8
Let q = -5 - -4. Let w = -1 + q. Let m(j) = 4*j + 2. Calculate m(w).
-6
Let h(q) = -q**2 + 11*q + 6. Let j be h(11). Let b(o) = -2*o + 6. Give b(j).
-6
Let m(v) = v**2 - v + 1. Let b(h) = h**3 + 7*h**2 - 9*h - 5. Let w(u) = -b(u) + m(u). Suppose 5*t = 2*t - 21. Give w(t).
-1
Let k(f) = -f - 5. Let t(n) = -n - 6. Let c(r) = 7*k(r) - 6*t(r). Calculate c(-4).
5
Suppose 0 = 3*r - r + 4. Let b = -5 - -5. Let i = r - b. Let t(x) = -x**3 + x**2 + 2*x - 1. What is t(i)?
7
Let z(n) = -2*n + 5*n - 5*n. Let f = -3 + 5. Let x be ((6/f)/3)/(-1). What is z(x)?
2
Let w = -8 - -7. Let t(i) = i**2. Determine t(w).
1
Let a = 5 + -10. Let z(t) = 3*t - 5*t**2 + 5 - t - t**3 - 2 + 3. Determine z(a).
-4
Suppose 0 = 4*o + 5 - 17. Suppose 2*v = -o*v + 10. Let k(n) = 4*n + 3 - n**2 - n**v + 5*n**2. What is k(-2)?
7
Let v be ((-6)/8)/((-7)/28). Let w = 5 - 3. Let h(k) = 0*k**3 - k + w + 6*k**2 - v*k**2 - k**3. Calculate h(3).
-1
Let f(j) = -j**2 - 4*j - 5. Let m(l) = -l**3 - 2*l**2 + 3*l. Let z = 2 - 5. Let b be m(z). Suppose -w + 4*w + 12 = b. What is f(w)?
-5
Let p(u) = -2 + u**2 - 6*u**2 + 4*u**2 + 4*u**2 - u**3. Give p(3).
-2
Let v(a) = a + 8. Let t be v(-4). Let k(n) be the third derivative of 1/8*n**t - 2*n**2 + 0*n + 0*n**3 + 0. Calculate k(1).
3
Let y be (-22)/(-3) + 11/(-33). Let u(f) be the second derivative of -f**5/20 + 2*f**4/3 - 4*f**3/3 + 5*f**2 + 2*f. Determine u(y).
3
Let f(y) = -y. Let o(w) = -5*w - 1. Let c(i) = 6*f(i) - o(i). Let u(j) = j**2 - 4*j - 5. Let v be u(5). Determine c(v).
1
Let k(s) = -s**2 + 6*s - 3. Suppose 5*a = 2*g - 22, 4*g + 2*a - 1 - 19 = 0. Determine k(g).
-3
Suppose u = y - 4*y + 5, 4*u - y = -19. Let p(c) = c**3 + 5*c**2 + 2*c - 2. Determine p(u).
6
Suppose a = -5*u + 27, -4*u + 2*u = -a - 8. Let j(x) be the first derivative of 1/3*x**3 - 2 - x - 5/2*x**a. What is j(6)?
5
Let g(a) = -13*a**2 + 13*a + 5. Let v(i) = -6*i**2 + 6*i + 2. Let p(b) = 3*g(b) - 7*v(b). Give p(2).
7
Let n(h) be the third derivative of -h**5/60 + h**4/4 - 2*h**3/3 + 9*h**2. Let c(m) = m + 2. Let b be c(3). What is n(b)?
1
Let s = -7 + 11. Let j be (6/s)/((-9)/60). Let o = j - -16. Let n(v) = v**3 - 5*v**2 - 5*v - 2. Determine n(o).
4
Let d(c) = -c + 11. Let f(q) = -q + 10. Let s(w) = 4*d(w) - 3*f(w). Determine s(6).
8
Let n(r) be the second derivative of -r**5/20 - 2*r**4/3 + 4*r**3/3 - 3*r**2/2 - 5*r. Give n(-9).
6
Let u = 43 - 43. Let v be 52/14 - 4/(-14). Suppose 2*k + 0*k + v = u. Let f(l) = -l**2 + 2. Calculate f(k).
-2
Let n(a) be the second derivative of 0*a**2 - 5/6*a**3 + 1/12*a**4 + 2*a + 0. Give n(6).
6
Let i(o) be the third derivative of 0 + 0*o - 1/3*o**3 - 3*o**2 + 1/24*o**4. What is i(2)?
0
Let i be (-4)/22 + (-1271)/451. Let u(r) = 3*r**2 + 2*r + 3. Calculate u(i).
24
Let n(t) be the first derivative of -t**4/4 - 4*t**3/3 + t**2 - 2*t + 10. What is n(-5)?
13
Suppose g + 2 - 1 = -5*a, 0 = a. Let q(p) = -4*p**2. Determine q(g).
-4
Let d(o) = -o**2 - 5*o - 1. Let w be -14 - (-2)/(0 + 1). Let r = 7 + w. What is d(r)?
-1
Let j(n) = n**2 - 2*n + 1. Let q be j(3). Let h(k) be the first derivative of 3*k**2/2 - 5*k - 1. Calculate h(q).
7
Let f(i) = 4*i - 6. Let d = 2 - -2. Determine f(d).
10
Let v(x) = 13*